{"id":40,"date":"2018-01-25T21:12:28","date_gmt":"2018-01-25T20:12:28","guid":{"rendered":"http:\/\/mhl.at\/page\/?page_id=40"},"modified":"2025-11-13T16:16:37","modified_gmt":"2025-11-13T15:16:37","slug":"team-2","status":"publish","type":"page","link":"https:\/\/mhl.at\/page\/team-2\/","title":{"rendered":"Team"},"content":{"rendered":"<p><strong>Maximilian Habsburg-Lothringen \/ Gesch\u00e4ftsf\u00fchrer, Eigent\u00fcmer<\/strong><\/p>\n<div style=\"overflow-x: auto;\">\n<table class=\"noborder\">\n<tbody>\n<tr>\n<td style=\"width: 135px; vertical-align: top;\">2014 &#8211; derzeit<\/td>\n<td style=\"width: 674px;\">ELLS Finanzberatung und Treuhand GmbH \u2013 Gesch\u00e4ftsf\u00fchrer, Eigent\u00fcmer<br \/>\neh. ELLS Bank AG (eh. M&amp;A Privatbank AG) \u2013 Aktion\u00e4r, Vorstand, Liquidator<\/td>\n<\/tr>\n<tr>\n<td style=\"width: 135px; vertical-align: top;\">2013 \u2013 2015<\/td>\n<td style=\"width: 674px;\">Maxima Invest GmbH \u2013 Gesch\u00e4ftsf\u00fchrer, Eigent\u00fcmer Wertpapierfirma (FMA Konzession)<\/td>\n<\/tr>\n<tr>\n<td style=\"width: 135px; vertical-align: top;\">2009 \u2013 2013<\/td>\n<td style=\"width: 674px;\">Liechtensteinische Landesbank (\u00d6sterrech) AG \u2013 Senior Relationship Manager, Private Banking<\/td>\n<\/tr>\n<tr>\n<td style=\"width: 135px; vertical-align: top;\">2006 \u2013 2017<\/td>\n<td style=\"width: 674px;\">Libeccio GmbH (derzeit Habsburg Solutions GmbH \u2013 Fusion) \u2013 Gesch\u00e4ftsf\u00fchrer, Eigent\u00fcmer<\/td>\n<\/tr>\n<tr>\n<td style=\"width: 135px; vertical-align: top;\">2001 \u2013 2006<\/td>\n<td style=\"width: 674px;\">M&amp;A Privatbank AG \u2013 Senior Privatbanker, Teamleitung, Aufbau der Private Banking, Verm\u00f6gensverwaltung<\/td>\n<\/tr>\n<\/tbody>\n<\/table>\n<\/div>\n<p style=\"text-align: justify;\">Maximilian Habsburg-Lothringen ist \u00a0Pr\u00e4sident der <strong>Volkswirtschaftlichen Gesellschaft Wien<\/strong> (VWG Wien).<\/p>\n","protected":false},"excerpt":{"rendered":"<p>Maximilian Habsburg-Lothringen \/ Gesch\u00e4ftsf\u00fchrer, Eigent\u00fcmer 2014 &#8211; derzeit ELLS Finanzberatung und Treuhand GmbH \u2013 Gesch\u00e4ftsf\u00fchrer, Eigent\u00fcmer eh. ELLS Bank AG (eh. M&amp;A Privatbank AG) \u2013 Aktion\u00e4r, Vorstand, Liquidator 2013 \u2013 2015 Maxima Invest GmbH \u2013 Gesch\u00e4ftsf\u00fchrer, Eigent\u00fcmer Wertpapierfirma (FMA Konzession) 2009 \u2013 2013 Liechtensteinische Landesbank (\u00d6sterrech) AG \u2013 Senior Relationship Manager, Private Banking 2006 \u2013 &hellip; <a href=\"https:\/\/mhl.at\/page\/team-2\/\" class=\"more-link\"><span class=\"screen-reader-text\">\u201eTeam\u201c<\/span> weiterlesen<\/a><\/p>\n","protected":false},"author":1,"featured_media":0,"parent":0,"menu_order":0,"comment_status":"closed","ping_status":"closed","template":"","meta":{"footnotes":""},"class_list":["post-40","page","type-page","status-publish","hentry"],"_links":{"self":[{"href":"https:\/\/mhl.at\/page\/wp-json\/wp\/v2\/pages\/40","targetHints":{"allow":["GET"]}}],"collection":[{"href":"https:\/\/mhl.at\/page\/wp-json\/wp\/v2\/pages"}],"about":[{"href":"https:\/\/mhl.at\/page\/wp-json\/wp\/v2\/types\/page"}],"author":[{"embeddable":true,"href":"https:\/\/mhl.at\/page\/wp-json\/wp\/v2\/users\/1"}],"replies":[{"embeddable":true,"href":"https:\/\/mhl.at\/page\/wp-json\/wp\/v2\/comments?post=40"}],"version-history":[{"count":13,"href":"https:\/\/mhl.at\/page\/wp-json\/wp\/v2\/pages\/40\/revisions"}],"predecessor-version":[{"id":214,"href":"https:\/\/mhl.at\/page\/wp-json\/wp\/v2\/pages\/40\/revisions\/214"}],"wp:attachment":[{"href":"https:\/\/mhl.at\/page\/wp-json\/wp\/v2\/media?parent=40"}],"curies":[{"name":"wp","href":"https:\/\/api.w.org\/{rel}","templated":true}]}}